the ten thousands digit of 907747?
0
What is the thousands digit of 191005?
1
What is the thousands digit of 155351?
5
What is the hundreds digit of 7791637?
6
What is the hundreds digit of 150774?
7
What is the millions digit of 6954349?
6
What is the millions digit of 2949212?
2
What is the thousands digit of 370330?
0
What is the tens digit of 1372933?
3
What is the hundred thousands digit of 4183429?
1
What is the tens digit of 1497729?
2
What is the hundreds digit of 381254?
2
What is the tens digit of 2127874?
7
What is the thousands digit of 3620691?
0
What is the units digit of 294930?
0
What is the units digit of 1836763?
3
What is the hundred thousands digit of 510465?
5
What is the thousands digit of 652980?
2
What is the units digit of 41954?
4
What is the hundred thousands digit of 4945845?
9
What is the ten thousands digit of 1097964?
9
What is the thousands digit of 80193?
0
What is the hundreds digit of 2154009?
0
What is the ten thousands digit of 2135576?
3
What is the ten thousands digit of 15388?
1
What is the units digit of 222027?
7
What is the hundred thousands digit of 1867320?
8
What is the hundreds digit of 4921750?
7
What is the hundred thousands digit of 1607992?
6
What is the units digit of 557753?
3
What is the hundreds digit of 606592?
5
What is the thousands digit of 17074463?
4
What is the ten thousands digit of 662135?
6
What is the tens digit of 2116019?
1
What is the units digit of 49791?
1
What is the hundreds digit of 470295?
2
What is the hundreds digit of 21590983?
9
What is the ten thousands digit of 26347441?
4
What is the units digit of 115223?
3
What is the ten thousands digit of 1023634?
2
What is the units digit of 2001286?
6
What is the millions digit of 5567033?
5
What is the tens digit of 33482778?
7
What is the thousands digit of 1383198?
3
What is the hundreds digit of 1171243?
2
What is the hundred thousands digit of 3762426?
7
What is the units digit of 369967?
7
What is the tens digit of 1775979?
7
What is the hundred thousands digit of 17078083?
0
What is the units digit of 289223?
3
What is the hundred thousands digit of 11436091?
4
What is the millions digit of 3288017?
3
What is the tens digit of 218400?
0
What is the ten millions digit of 12527348?
1
What is the hundreds digit of 3408?
4
What is the ten thousands digit of 116520?
1
What is the ten thousands digit of 201332?
0
What is the units digit of 99262?
2
What is the hundreds digit of 20872709?
7
What is the hundreds digit of 75934?
9
What is the units digit of 145695?
5
What is the thousands digit of 4364522?
4
What is the ten thousands digit of 265488?
6
What is the ten millions digit of 20870860?
2
What is the millions digit of 2071967?
2
What is the tens digit of 697511?
1
What is the thousands digit of 906137?
6
What is the thousands digit of 2997637?
7
What is the thousands digit of 405730?
5
What is the ten thousands digit of 251503?
5
What is the units digit of 5523655?
5
What is the hundreds digit of 911784?
7
What is the tens digit of 2072076?
7
What is the hundreds digit of 4222110?
1
What is the millions digit of 6425884?
6
What is the tens digit of 2931478?
7
What is the ten thousands digit of 4741952?
4
What is the hundred thousands digit of 426420?
4
What is the hundreds digit of 320145?
1
What is the ten millions digit of 11620907?
1
What is the ten thousands digit of 848486?
4
What is the tens digit of 1002299?
9
What is the hundreds digit of 48262?
2
What is the hundred thousands digit of 210427?
2
What is the hundreds digit of 3540578?
5
What is the tens digit of 438910?
1
What is the hundreds digit of 201188?
1
What is the hundred thousands digit of 908341?
9
What is the ten thousands digit of 19508?
1
What is the thousands digit of 4225319?
5
What is the tens digit of 89548?
4
What is the thousands digit of 108954?
8
What is the tens digit of 3032274?
7
What is the hundred thousands digit of 4156595?
1
What is the units digit of 379493?
3
What is the hundreds digit of 130506?
5
What is the units digit of 5955073?
3
What is the millions digit of 5234800?
5
What is the ten thousands digit of 3493000?
9
What is the ten thousands digit of 1751906?
5
What is the tens digit of 200872?
7
What is the tens digit of 94392?
9
What is the tens digit of 1101198?
9
What is the tens digit of 211437?
3
What is the thousands digit of 3297345?
7
What is the thousands digit of 22475147?
5
What is the units digit of 334051?
1
What is the hundred thousands digit of 3556753?
5
What is the hundred thousands digit of 300150?
3
What is the units digit of 3748377?
7
What is the tens digit of 12154?
5
What is the units digit of 342832?
2
What is the tens digit of 746389?
8
What is the ten thousands digit of 23412335?
1
What is the hundred thousands digit of 12779967?
7
What is the ten thousands digit of 292046?
9
What is the ten thousands digit of 16110098?
1
What is the ten thousands digit of 3851687?
5
What is the ten millions digit of 30550180?
3
What is the units digit of 3869206?
6
What is the ten thousands digit of 1627708?
2
What is the units digit of 63775?
5
What is the thousands digit of 8596655?
6
What is the thousands digit of 266417?
6
What is the millions digit of 10767890?
0
What is the ten thousands digit of 738106?
3
What is the hundreds digit of 39133?
1
What is the hundreds digit of 47813?
8
What is the tens digit of 170168?
6
What is the thousands digit of 2580623?
0
What is the hundreds digit of 18641657?
6
What is the units digit of 278519?
9
What is the ten thousands digit of 5919022?
1
What is the hundred thousands digit of 16010247?
0
What is the thousands digit of 2702701?
2
What is the thousands digit of 4733874?
3
What is the thousands digit of 468004?
8
What is the thousands digit of 9461670?
1
What is the ten millions digit of 16654426?
1
What is the ten thousands digit of 967673?
6
What is the tens digit of 9991847?
4
What is the thousands digit of 46557?
6
What is the units digit of 4761?
1
What is the units digit of 851149?
9
What is the hundred thousands digit of 464107?
4
What is the hundreds digit of 3325535?
5
What is the ten thousands digit of 818675?
1
What is the hundreds digit of 3539062?
0
What is the ten thousands digit of 165304?
6
What is the ten thousands digit of 97581?
9
What is the thousands digit of 960649?
0
What is the hundreds digit of 90860?
8
What is the ten thousands digit of 82725?
8
What is the thousands digit of 800714?
0
What is the hundred thousands digit of 776668?
7
What is the thousands digit of 886424?
6
What is the thousands digit of 3743630?
3
What is the hundreds digit of 809893?
8
What is the units digit of 99969?
9
What is the ten millions digit of 11102419?
1
What is the units digit of 856974?
4
What is the hundred thousands digit of 319910?
3
What is the thousands digit of 39911470?
1
What is the ten thousands digit of 231220?
3
What is the ten millions digit of 11154264?
1
What is the hundred thousands digit of 613035?
6
What is the units digit of 201592?
2
What is the ten thousands digit of 182567?
8
What is the hundred thousands digit of 2833280?
8
What is the hundred thousands digit of 712975?
7
What is the ten millions digit of 28621840?
2
What is the thousands digit of 9467433?
7
What is the units digit of 513906?
6
What is the ten thousands digit of 474695?
7
What is the units digit of 5315997?
7
What is the thousands digit of 28334245?
4
What is the millions digit of 3930866?
3
What is the hundred thousands digit of 3120934?
1
What is the millions digit of 4270544?
4
What is the hundreds digit of 6961188?
1
What is the units digit of 9783321?
1
What is the thousands digit of 210467?
0
What is the hundred thousands digit of 614335?
6
What is the hundreds digit of 2222608?
6
What is the units digit of 1135530?
0
What is the hundreds digit of 310329?
3
What is the hundred thousands digit of 2120578?
1
What is the hundreds digit of 8342352?
3
What is the hundreds digit of 4193901?
9
What is the hundreds digit of 7998576?
5
What is the ten millions digit of 12866654?
1
What is the millions digit of 1289883?
1
What is the hundred thousands digit of 211050?
2
What is the hundred thousands digit of 153098?
1
What is the ten thousands digit of 2051294?
5
What i